 10, what is 4 + 7814?
7818
In base 16, what is 4 - 41e?
-41a
In base 10, what is -133 - 0?
-133
In base 6, what is 4 + 233?
241
In base 8, what is -26 - 23?
-51
In base 9, what is -5 - -3040?
3034
In base 7, what is -431 - 136?
-600
In base 6, what is -51 + 344?
253
In base 14, what is -165 + -1?
-166
In base 8, what is 1 - -1417?
1420
In base 15, what is 94 + -a?
89
In base 2, what is -1111011 + 11100?
-1011111
In base 12, what is -70 + -1?
-71
In base 5, what is 2 - -41014?
41021
In base 3, what is 2 - -110122?
110201
In base 8, what is 221 - 1?
220
In base 9, what is 240 - 16?
223
In base 14, what is 77c - 3?
779
In base 2, what is 0 - 1000?
-1000
In base 5, what is -11 - -124?
113
In base 5, what is -31034 + 0?
-31034
In base 15, what is -27b + 3?
-278
In base 9, what is 41 + -36?
4
In base 10, what is 4 - 62?
-58
In base 10, what is -4111 - -2?
-4109
In base 12, what is 3 - -1b?
22
In base 15, what is 2 - 153?
-151
In base 2, what is 0 + -110111?
-110111
In base 9, what is 2 + 24?
26
In base 7, what is -1 + 663?
662
In base 5, what is 104413 - -1?
104414
In base 16, what is 14 - 45?
-31
In base 4, what is 203 + 2102?
2311
In base 12, what is 72 + 79?
12b
In base 14, what is 2 + -836?
-834
In base 7, what is 4302 + -1?
4301
In base 16, what is -13d + 3a?
-103
In base 2, what is -1101011010 - -10?
-1101011000
In base 14, what is -1 + -168?
-169
In base 11, what is 29 + 21?
4a
In base 5, what is -40314 - 1?
-40320
In base 6, what is -32 - -2235?
2203
In base 14, what is -1 - 16a3?
-16a4
In base 14, what is 72 - -5?
77
In base 8, what is -10471 + -2?
-10473
In base 7, what is -432 - -5?
-424
In base 13, what is -3 - -41?
3b
In base 5, what is 10 + -10304?
-10244
In base 2, what is -1011011 + -101?
-1100000
In base 9, what is -5 + 105?
100
In base 14, what is 7 + b8?
c1
In base 13, what is 9 - 4b0?
-4a4
In base 4, what is -133 - 30?
-223
In base 7, what is -122 - -6?
-113
In base 6, what is 10 - -153?
203
In base 3, what is -1110 - 102?
-1212
In base 16, what is e2 - -2?
e4
In base 2, what is 101 - 10000110?
-10000001
In base 3, what is -2011 - -21?
-1220
In base 9, what is -330 + 53?
-266
In base 16, what is 0 + -9?
-9
In base 14, what is 5 + -50b?
-506
In base 10, what is 155 - -24?
179
In base 9, what is -260 + 1?
-258
In base 16, what is ce - 2?
cc
In base 9, what is -476 - 4?
-481
In base 6, what is 20 - -212?
232
In base 16, what is 5 + -4ff?
-4fa
In base 13, what is 12 + -3?
c
In base 14, what is 108 - -7?
111
In base 6, what is 2445 + 4?
2453
In base 3, what is -12201 - -2021?
-10110
In base 11, what is 4 + 385?
389
In base 12, what is -8 + -23?
-2b
In base 8, what is 1 + -11620?
-11617
In base 7, what is 5 - 6364?
-6356
In base 5, what is 1313 - -14?
1332
In base 13, what is 89 + 12?
9b
In base 16, what is -5 - 10?
-15
In base 13, what is 1 - -27?
28
In base 13, what is -2a9 - -2?
-2a7
In base 3, what is -11 + 1212?
1201
In base 2, what is 1101110 + -110?
1101000
In base 14, what is -1bc - 0?
-1bc
In base 11, what is -5 - 2?
-7
In base 2, what is -10000110 - 1001?
-10001111
In base 11, what is -2 + -50?
-52
In base 13, what is 1 + 393?
394
In base 10, what is 4 + -1601?
-1597
In base 6, what is -2 - 14322?
-14324
In base 13, what is -3 + 17b9?
17b6
In base 2, what is 1 + 10011011?
10011100
In base 2, what is -100 - -11101?
11001
In base 7, what is 1012 + 0?
1012
In base 8, what is -1571 + 0?
-1571
In base 5, what is 1 - -213142?
213143
In base 6, what is -205 + -204?
-413
In base 13, what is 685 - 2?
683
In base 6, what is -14 + 421?
403
In base 6, what is -3 + 3243?
3240
In base 12, what is 18 + 3b5?
411
In base 11, what is -6 + 2?
-4
In base 2, what is 1000011 - 1011?
111000
In base 15, what is -5d - 0?
-5d
In base 2, what is -1 + -111011000010?
-111011000011
In base 12, what is -23 + 4?
-1b
In base 7, what is -46 + -10?
-56
In base 14, what is 15b - -5?
162
In base 8, what is 2410 + 3?
2413
In base 2, what is -1000 - -100100001?
100011001
In base 8, what is 11 - 6?
3
In base 16, what is -26 - 3?
-29
In base 3, what is -21 - 22110?
-22201
In base 14, what is -39 - -5?
-34
In base 8, what is -5 + 171?
164
In base 3, what is 122012 - -11?
122100
In base 7, what is -34 - 261?
-325
In base 2, what is 10 - 100101101?
-100101011
In base 14, what is -518a + 1?
-5189
In base 3, what is -10101 + -20?
-10121
In base 4, what is 11321321 + 0?
11321321
In base 12, what is -2 + -a78?
-a7a
In base 13, what is 6 + 24?
2a
In base 15, what is -18 + -3?
-1b
In base 11, what is -1 - 77?
-78
In base 7, what is -1125 - 1?
-1126
In base 13, what is 1 + -b51?
-b50
In base 14, what is 2354 - -5?
2359
In base 6, what is 3 - -4?
11
In base 7, what is -10121 + 4?
-10114
In base 14, what is -31 + -42b?
-45c
In base 15, what is 2 - -858?
85a
In base 14, what is ca3 - 2?
ca1
In base 12, what is -29b - 0?
-29b
In base 14, what is a7 + -1?
a6
In base 8, what is 0 + -112?
-112
In base 6, what is 112 + -30?
42
In base 3, what is 210 + 11?
221
In base 7, what is 510 + 5?
515
In base 10, what is -2008 - -5?
-2003
In base 11, what is 8 - 55a?
-552
In base 15, what is -1e - 5e?
-7d
In base 2, what is -10000011011010 - 1?
-10000011011011
In base 13, what is 0 - 199?
-199
In base 5, what is -220 - 130?
-400
In base 10, what is 11 + -1?
10
In base 12, what is 4 + 100?
104
In base 8, what is 52 + -6?
44
In base 10, what is 5 + -173?
-168
In base 8, what is -2 - 100?
-102
In base 12, what is -a0 + 3?
-99
In base 7, what is 1 - 5?
-4
In base 11, what is -6 + -1028?
-1033
In base 6, what is 32 + 4?
40
In base 3, what is -20 - 100?
-120
In base 11, what is 1 + 46?
47
In base 8, what is -11525 + 2?
-11523
In base 10, what is -294 - 3?
-297
In base 15, what is -a1 + 4?
-9c
In base 11, what is -1 + -102?
-103
In base 5, what is 10 - 12133?
-12123
In base 8, what is 2 - 1664?
-1662
In base 8, what is -70 + -150?
-240
In base 16, what is 8 + a?
12
In base 5, what is -120111 + 2?
-120104
In base 15, what is -40c - 2?
-40e
In base 13, what is -1a + -1?
-1b
In base 2, what is 1101101000 + 101?
1101101101
In base 10, what is 4 - 703?
-699
In base 10, what is -3 - 4?
-7
In base 8, what is 1057 - -5?
1064
In base 10, what is 33 + -11?
22
In base 11, what is 1300 - -7?
1307
In base 9, what is 3 + -581?
-577
In base 9, what is 5375 + 0?
5375
In base 14, what is 372 + -3?
36d
In base 7, what is 5 + 55?
63
In base 2, what is 1011111010010 - 1?
1011111010001
In base 2, what is -101 - -110001001?
110000100
In base 7, what is -15 + -3?
-21
In base 2, what is -1000111 + -10110100?
-11111011
In base 2, what is 1 + -110000010001?
-110000010000
In base 3, what is -101 + -20?
-121
In base 13, what is -14 - -1b0?
199
In base 7, what is 2 + -266?
-264
In base 2, what is 0 - 101100?
-101100
In base 13, what is -52 - 3?
-55
In base 9, what is -35 - 10?
-45
In base 7, what is -62 - 65?
-160
In base 13, what is -5 + -45?
-4a
In base 5, what is -23002 - -11?
-22441
In base 2, what is -1001 - -1110011?
1101010
In base 3, what is -10202 - 0?
-10202
In base 12, what is 394 + 5?
399
In base 7, what is -25502 + 6?
-25463
In base 8, what is 33 + 54?
107
In base 7, what is -45 + -15?
-63
In base 3, what is 21212 + 11?
22000
In base 12, what is 12 - 20?
-a
In base 16, what is -101 + -11?
-112
In base 9, what is -1 - -20?
18
In base 5, what is -3121 + 2?
-3114
In base 8, what is -111562 + -5?
-111567
In base 14, what is 5 + -c?
-7
In base 13, what is -3 - -23?
20
In base 11, what is -8 - -653?
646
In base 11, what is 0 - -86?
86
In base 3, what is 12 - -11220001?
11220020
In base 3, what is -12120 - -110?
-12010
In base 13, what is -4 - 804?
-808
In base 6, what is -13 - 1135?
-1152
In base 2, what is -100001101000 - -101?
-100001100011
In base 15, what is -143 + -4?
-147
In base 11, what is -2 + 2?
0
In base 8, what is 115 + -5?
110
In base 15, what is -d - 45?
-53
In base 4, what is -10 - -23?
13
In base 7, what is 13 - -246?
262
In base 3, what is -111002 - 1?
-111010
In base 14, what is -1 + 95?
94
In base 15, what is 47 - 2?
45
In base 8, what is 2034 - 4?
2030
In base 12, what is -233 + -9?
-240
In base 15, what is -1a - -102?
d7
In base 5, what is 24 + -3?
21
In base 7, what is -21 - -6?
-12
In base 2, what is -1 + 1?
0
In base 13, what is -15 + 7?
-b
In base 4, what is 21 + -1003?
-322
In base 16, what 